{"id":2739,"date":"2021-02-18T16:44:50","date_gmt":"2021-02-18T15:44:50","guid":{"rendered":"http:\/\/myriamfranchini.com\/?page_id=2739"},"modified":"2021-08-12T21:28:08","modified_gmt":"2021-08-12T19:28:08","slug":"biographie","status":"publish","type":"page","link":"https:\/\/myriamfranchini.com\/index.php\/biographie\/","title":{"rendered":"Biographie"},"content":{"rendered":"\t\t<div data-elementor-type=\"wp-page\" data-elementor-id=\"2739\" class=\"elementor elementor-2739\" data-elementor-settings=\"[]\">\n\t\t\t\t\t\t\t<div class=\"elementor-section-wrap\">\n\t\t\t\t\t\t\t<section class=\"elementor-section elementor-top-section elementor-element elementor-element-3398542e elementor-section-boxed elementor-section-height-default elementor-section-height-default\" data-id=\"3398542e\" data-element_type=\"section\">\n\t\t\t\t\t\t<div class=\"elementor-container elementor-column-gap-default\">\n\t\t\t\t\t<div class=\"elementor-column elementor-col-100 elementor-top-column elementor-element elementor-element-48ff5cb5\" data-id=\"48ff5cb5\" data-element_type=\"column\">\n\t\t\t<div class=\"elementor-widget-wrap elementor-element-populated\">\n\t\t\t\t\t\t\t\t<div class=\"elementor-element elementor-element-1a56c643 elementor-widget__width-inherit elementor-widget elementor-widget-text-editor\" data-id=\"1a56c643\" data-element_type=\"widget\" data-widget_type=\"text-editor.default\">\n\t\t\t\t<div class=\"elementor-widget-container\">\n\t\t\t\t\t<div class=\"elementor-text-editor elementor-clearfix\"><p><!-- wp:paragraph --><\/p>\n<p><img loading=\"lazy\" src=\"http:\/\/myriamfranchini.com\/wp-content\/uploads\/2020\/12\/MYRIAM-243x300.jpg\" alt=\"\" width=\"156\" height=\"193\" \/><\/p>\n<ul>\n<li>N\u00e9e en 1974 \u00e0 Morges, Suisse<\/li>\n<li>Membre de l\u2019association SwissCeramics<\/li>\n<li>Atelier \u00e0 Etoy, Suisse<\/li>\n<li>C\u00e9ramiste Ma\u00eetresse Socioprofessionnelle (MSP), Fondation Perceval, Saint-Prex, Suisse<\/li>\n<\/ul>\n<p><!-- \/wp:paragraph --><\/p>\n<p><!-- wp:paragraph --><\/p>\n<p>Passionn\u00e9e depuis son plus jeune \u00e2ge par l\u2019architecture d\u2019int\u00e9rieur et le design, elle s\u2019essaiera \u00e0 plusieurs m\u00e9tiers avant de trouver sa v\u00e9ritable passion, la c\u00e9ramique. C\u2019est en 2013 qu\u2019elle collabore b\u00e9n\u00e9volement \u00e0 l\u2019\u00e9laboration d\u2019une collection d\u2019objets d\u00e9coratifs et utilitaires en porcelaine avec des personnes en situation de handicap.\u00a0<\/p>\n<p>Puis en 2014, sa rencontre avec Monique Duplain, marquera le changement dans son parcours professionnel et la conduira \u00e0 se former en tant que c\u00e9ramiste \u00e0 l\u2019Ecole d\u2019Arts Appliqu\u00e9s de Vevey en 2015.<\/p>\n<p>En 2018, son stage avec le sculpteur Olivier Estoppey, lui a permis d\u2019explorer une approche sculpturale surdimensionn\u00e9e, qui aura un impact important dans ses pr\u00e9valences artistiques et son go\u00fbt pour les pi\u00e8ces de grands formats.<\/p>\n<p>Anim\u00e9e par les d\u00e9fis techniques, les\u00a0oeuvres\u00a0de Myriam Franchini se caract\u00e9risent par un d\u00e9pouillement et une rigueur inspir\u00e9 de l\u2019art japonais.<\/p>\n<p>A son image, ses cr\u00e9ations sont h\u00e9t\u00e9roclites, vivantes, empreintes de passion et de questionnements. Elles sont le reflet de son parcours pluridisciplinaire. A travers un langage parfois po\u00e9tique, \u00e9motionnel, voire symbolique elle r\u00e9unit &#8211; par le m\u00e9dium c\u00e9ramique &#8211; une forte dimension holistique.\u00a0Ses \u0153uvres sont pens\u00e9es dans leur ensemble en lien direct avec la personne et son univers, portant\u00a0un regard interrogatif sur notre rapport au monde.<\/p>\n<p>Quand elle juge finalement s\u2019approcher de la rigueur et de la perfection qu\u2019elle visait, elle ressent une forme de soulagement, puis son esprit s\u2019abonde \u00e0 nouveau de pens\u00e9es en arborescence, r\u00e9v\u00e9lant un besoin inconditionnel de cr\u00e9er, de penser, de r\u00eaver.<\/p>\n<p><!-- \/wp:paragraph --><\/p>\n<p><!-- wp:paragraph --><\/p>\n<p><strong>FORMATIONS<\/strong><\/p>\n<p><!-- \/wp:paragraph --><\/p>\n<p><!-- wp:table --><\/p>\n<figure>\n<table>\n<tbody>\n<tr>\n<td>2015-2019<\/td>\n<td>Ecole des Arts Appliqu\u00e9s, Vevey, Suisse, CFC C\u00e9ramiste<\/td>\n<\/tr>\n<tr>\n<td>2004<\/td>\n<td>Infolearn, Lausanne, Suisse, Dipl\u00f4me en WebDesign<\/td>\n<\/tr>\n<tr>\n<td>1994-1997<\/td>\n<td>Ecole des Arts Appliqu\u00e9s, Vevey, Suisse, CFC Polydesigner 3D<\/td>\n<\/tr>\n<\/tbody>\n<\/table>\n<\/figure>\n<p><!-- \/wp:table --><\/p>\n<p><!-- wp:paragraph --><\/p>\n<p><strong>EXPOSITIONS<\/strong><\/p>\n<p><!-- \/wp:paragraph --><\/p>\n<p><!-- wp:table --><\/p>\n<figure>\n<table>\n<tbody>\n<tr>\n<td>2019 \u00a0 \u00a0 \u00a0 \u00a0 \u00a0\u00a0<\/td>\n<td><i>\u00ab\u00a0Douze\u00a0\u00bb<\/i>, Centre d\u2019enseignement professionnel de Vevey, Suisse<\/td>\n<\/tr>\n<tr>\n<td>2018<\/td>\n<td><i>\u00ab\u00a0Autour de la Table\u00a0\u00bb<\/i>, Salle Henri Nestl\u00e9, Alimentarium, Vevey, Suisse<\/td>\n<\/tr>\n<\/tbody>\n<\/table>\n<\/figure>\n<p><!-- \/wp:table --><\/p>\n<p><!-- wp:paragraph --><\/p>\n<p><strong>R\u00c9SIDENCES &amp; STAGES<\/strong><\/p>\n<p><!-- \/wp:paragraph --><\/p>\n<p><!-- wp:table --><\/p>\n<figure>\n<table>\n<tbody>\n<tr>\n<td>2018 \u00a0 \u00a0 \u00a0\u00a0<\/td>\n<td>Stage dans l\u2019atelier d\u2019Olivier Estoppey, Aigle, Suisse<\/td>\n<\/tr>\n<tr>\n<td>2014<\/td>\n<td>Stage dans l&rsquo;atelier de Monique Duplain, Allaman, Suisse<\/td>\n<\/tr>\n<\/tbody>\n<\/table>\n<\/figure>\n<p><!-- \/wp:table --><\/p>\n<p><!-- wp:paragraph --><\/p>\n<p><!-- \/wp:paragraph --><\/p><\/div>\n\t\t\t\t<\/div>\n\t\t\t\t<\/div>\n\t\t\t\t\t<\/div>\n\t\t<\/div>\n\t\t\t\t\t\t\t<\/div>\n\t\t<\/section>\n\t\t\t\t\t\t<\/div>\n\t\t\t\t\t<\/div>\n\t\t","protected":false},"excerpt":{"rendered":"<p>N\u00e9e en 1974 \u00e0 Morges, Suisse Membre de l\u2019association SwissCeramics Atelier \u00e0 Etoy, Suisse C\u00e9ramiste Ma\u00eetresse Socioprofessionnelle (MSP), Fondation Perceval, Saint-Prex, Suisse Passionn\u00e9e depuis son plus jeune \u00e2ge par l\u2019architecture d\u2019int\u00e9rieur et le design, elle s\u2019essaiera \u00e0 plusieurs m\u00e9tiers avant de trouver sa v\u00e9ritable passion, la c\u00e9ramique. C\u2019est en 2013 qu\u2019elle collabore b\u00e9n\u00e9volement \u00e0 l\u2019\u00e9laboration [&hellip;]<\/p>\n","protected":false},"author":1,"featured_media":0,"parent":0,"menu_order":0,"comment_status":"closed","ping_status":"closed","template":"page-templates\/pagebuilder.php","meta":[],"_links":{"self":[{"href":"https:\/\/myriamfranchini.com\/index.php\/wp-json\/wp\/v2\/pages\/2739"}],"collection":[{"href":"https:\/\/myriamfranchini.com\/index.php\/wp-json\/wp\/v2\/pages"}],"about":[{"href":"https:\/\/myriamfranchini.com\/index.php\/wp-json\/wp\/v2\/types\/page"}],"author":[{"embeddable":true,"href":"https:\/\/myriamfranchini.com\/index.php\/wp-json\/wp\/v2\/users\/1"}],"replies":[{"embeddable":true,"href":"https:\/\/myriamfranchini.com\/index.php\/wp-json\/wp\/v2\/comments?post=2739"}],"version-history":[{"count":80,"href":"https:\/\/myriamfranchini.com\/index.php\/wp-json\/wp\/v2\/pages\/2739\/revisions"}],"predecessor-version":[{"id":3999,"href":"https:\/\/myriamfranchini.com\/index.php\/wp-json\/wp\/v2\/pages\/2739\/revisions\/3999"}],"wp:attachment":[{"href":"https:\/\/myriamfranchini.com\/index.php\/wp-json\/wp\/v2\/media?parent=2739"}],"curies":[{"name":"wp","href":"https:\/\/api.w.org\/{rel}","templated":true}]}}